{"id":40,"date":"2022-12-06T20:59:18","date_gmt":"2022-12-06T19:59:18","guid":{"rendered":"http:\/\/wp12463810.server-he.de\/schulen\/1001\/?page_id=40"},"modified":"2023-06-14T13:27:14","modified_gmt":"2023-06-14T11:27:14","slug":"leitsaetze","status":"publish","type":"page","link":"https:\/\/gehlsdorfer-grundschule.de\/index.php\/leitsaetze\/","title":{"rendered":"Unterricht"},"content":{"rendered":"\n<p class=\"has-black-color has-text-color\">Wir lernen mit <strong>Freude<\/strong>.<\/p>\n\n\n\n<p>Unser p\u00e4dagogisches Konzept basiert auf dem Leitgedanken der&nbsp;<strong>\u201eBewegten Schule\u201c<\/strong>.<br>Das individuelle Vorwissen und die Denkweise des einzelnen Kindes bestimmen das Lernen. Offene Unterrichtsformen wie Projekt- &amp; Planarbeit, Partner- &amp; Gruppenarbeit und der Frontalunterricht erg\u00e4nzen unsere Unterrichtsmethoden.<\/p>\n\n\n<div class=\"wp-block-image\">\n<figure class=\"alignright size-full\"><img loading=\"lazy\" decoding=\"async\" width=\"240\" height=\"480\" src=\"https:\/\/gehlsdorfer-grundschule.de\/wp-content\/uploads\/2023\/03\/girl-160172__480.webp\" alt=\"\" class=\"wp-image-372\" srcset=\"https:\/\/gehlsdorfer-grundschule.de\/wp-content\/uploads\/2023\/03\/girl-160172__480.webp 240w, https:\/\/gehlsdorfer-grundschule.de\/wp-content\/uploads\/2023\/03\/girl-160172__480-150x300.webp 150w\" sizes=\"auto, (max-width: 240px) 100vw, 240px\" \/><\/figure>\n<\/div>\n\n\n<p>Wir f\u00f6rdern eine<strong> gesunde Lebensweise<\/strong>.<\/p>\n\n\n\n<p>Wir \u00f6ffnen unsere Schule durch <strong>Kooperation<\/strong> mit anderen Bildungseinrichtungen unserer Stadt.<\/p>\n\n\n\n<p>Wir ber\u00fccksichtigen die <strong>individuelle Sch\u00fclerpers\u00f6nlichkeit<\/strong>.<\/p>\n\n\n\n<p>Wir steigern die <strong>Lesekompetenz<\/strong>.<\/p>\n\n\n\n<p><strong>\u201eBewegte Schule\u201c hei\u00dft:<\/strong><\/p>\n\n\n\n<p>1) Aktiv-dynamisches Sitzen \u2013 Unterbrechung und Ver\u00e4nderung der Sitzposition<br>2) Bewegungspausen \u2013 \u201eBewegungsspa\u00df\u201c im Klassenraum \u2013 Spiel- und \u00dcbungs-<br>&nbsp;&nbsp;&nbsp; formen mit Stuhl und anderen Ger\u00e4ten \u2013 Stille-\u00dcbungen<br>3) Spielkisten f\u00fcr die aktive Pause<br>4) Der Schulhof als Bewegungsraum<br>5)&nbsp;Arbeitsgemeinschaften,&nbsp;Sporttage, Spielfeste und&nbsp;Projektunterricht<br>6) T\u00e4gliche Bewegungszeit<\/p>\n","protected":false},"excerpt":{"rendered":"<p>Wir lernen mit Freude. Unser p\u00e4dagogisches Konzept basiert auf dem Leitgedanken der&nbsp;\u201eBewegten Schule\u201c.Das individuelle Vorwissen und die Denkweise des einzelnen Kindes bestimmen das Lernen. Offene Unterrichtsformen wie Projekt- &amp; Planarbeit, Partner- &amp; Gruppenarbeit und der Frontalunterricht erg\u00e4nzen unsere Unterrichtsmethoden. Wir &hellip; <\/p>\n","protected":false},"author":1,"featured_media":0,"parent":0,"menu_order":0,"comment_status":"closed","ping_status":"closed","template":"","meta":{"footnotes":""},"class_list":["post-40","page","type-page","status-publish","hentry"],"_links":{"self":[{"href":"https:\/\/gehlsdorfer-grundschule.de\/index.php\/wp-json\/wp\/v2\/pages\/40","targetHints":{"allow":["GET"]}}],"collection":[{"href":"https:\/\/gehlsdorfer-grundschule.de\/index.php\/wp-json\/wp\/v2\/pages"}],"about":[{"href":"https:\/\/gehlsdorfer-grundschule.de\/index.php\/wp-json\/wp\/v2\/types\/page"}],"author":[{"embeddable":true,"href":"https:\/\/gehlsdorfer-grundschule.de\/index.php\/wp-json\/wp\/v2\/users\/1"}],"replies":[{"embeddable":true,"href":"https:\/\/gehlsdorfer-grundschule.de\/index.php\/wp-json\/wp\/v2\/comments?post=40"}],"version-history":[{"count":5,"href":"https:\/\/gehlsdorfer-grundschule.de\/index.php\/wp-json\/wp\/v2\/pages\/40\/revisions"}],"predecessor-version":[{"id":508,"href":"https:\/\/gehlsdorfer-grundschule.de\/index.php\/wp-json\/wp\/v2\/pages\/40\/revisions\/508"}],"wp:attachment":[{"href":"https:\/\/gehlsdorfer-grundschule.de\/index.php\/wp-json\/wp\/v2\/media?parent=40"}],"curies":[{"name":"wp","href":"https:\/\/api.w.org\/{rel}","templated":true}]}}